= -4*d. Calculate the highest common divisor of 9 and d.
9
Let d(v) = 2*v**2 - 14*v - 8. Let c be d(8). Let p be (-2 + 3 + 0)*-61. Let q = -5 - p. Calculate the greatest common divisor of c and q.
8
Let d(w) = w**3 - 52*w**2 + 98*w + 128. Let m be d(50). What is the highest common divisor of m and 161?
7
Let s = -105 + 117. Let z(m) = -m**3 + 13*m**2 - 12*m + 10. Let p be z(s). Suppose 26*t + p = 31*t. Calculate the highest common divisor of 2 and t.
2
Suppose 4*s = 1 + 11, 117 = 5*t - s. Let f(n) = 3*n**2 - 16*n - 11. Let q be f(7). What is the greatest common divisor of q and t?
24
Suppose 0 = -42*p + 120 + 6. What is the highest common divisor of p and 278?
1
Let s be 6 - (-1 + (-112)/(-1))*76/(-228). Let z(q) = -q**3 + 22*q**2 - 8*q - 11. Let d be z(12). Calculate the greatest common divisor of d and s.
43
Let q(g) = g**2 + 28 - 170*g + 0*g**2 + 162*g. Let w be q(10). Calculate the highest common factor of w and 6.
6
Let h be -180*(5 + -4)*-17. Calculate the highest common divisor of h and 36.
36
Suppose -2*a = m - 289, -2*a = 5*m - 1615 + 218. What is the greatest common factor of 3 and m?
1
Suppose -105 = 3*p - 3*q, -4*p - 3*q - 26 - 100 = 0. Let y be p*2/4*-2. Let z be (-1)/((-658)/(-132) - 5). Calculate the greatest common factor of z and y.
33
Let w(r) = -26*r - 126. Let q(i) = -34*i + 233. Let t be q(7). Let c be w(t). What is the highest common divisor of c and 76?
4
Let r = 6324 - 6303. Calculate the highest common divisor of r and 2667.
21
Suppose -3*a + j + 14 + 54 = 0, 3*j = -3*a + 84. Calculate the highest common factor of a and 210.
6
Let s(k) = 3*k**3 + 16*k**2 + 17*k + 24. Let n be s(-2). Let r be (-56 - -1)*24/(-4). Calculate the highest common factor of r and n.
30
Let d = -745 + 752. Let y be -1*(d + (-406)/7). Calculate the greatest common divisor of 68 and y.
17
Let r be ((-16)/14)/(56/(-196)). Suppose -3*f + r*w = -330 - 498, 5*w - 1073 = -4*f. What is the highest common divisor of f and 17?
17
Suppose 14*y = 16*y - 80. Let a be (-8)/(-36)*3*-6. Let s be (2/1)/(a/(-10)). Calculate the highest common factor of s and y.
5
Let f = 32095 + -32089. Calculate the highest common factor of 1959 and f.
3
Suppose -288 = -30*u + 24*u. Let n = 82 + u. Calculate the highest common divisor of n and 26.
26
Let n be (8/3*(-225)/(-350))/((-1)/(-14)). What is the highest common factor of n and 2440?
8
Let m = 4835 + -4259. What is the highest common factor of m and 1296?
144
Let z(i) = 23*i**3 - i**2 - 7*i + 2. Let f be z(2). Calculate the greatest common factor of f and 3752.
56
Let i be 2 - 2 - 7*-1. Suppose 331*r - 47165 = 66368. Calculate the greatest common factor of r and i.
7
Let d(m) = 4*m**2 + 7*m - 2. Let j be d(7). Let u = j - 220. Calculate the highest common divisor of 23 and u.
23
Suppose 7*b + 193 = 8*b - 2*p, 905 = 5*b + 5*p. Let d be (32 - (-8)/(12/3)) + 3. Calculate the highest common divisor of b and d.
37
Suppose 4*c - 480 = -2*c. Let b = c - -168. Let y = b - 134. Calculate the highest common factor of 38 and y.
38
Let m(l) = l**3 + 22*l**2 + 7*l - 21. Let o be m(-5). What is the greatest common divisor of 243 and o?
9
Let a(m) be the third derivative of -m**5/60 - m**4/4 - m**3/2 - 15*m**2. Let p be a(-2). Calculate the highest common divisor of p and 85.
5
Let i = 913 - 302. Let d = 18858 - 18717. What is the highest common factor of d and i?
47
Suppose 0 = 5*o - 7*o + 3*f + 22726, -3*o = -f - 34082. Calculate the greatest common divisor of 40 and o.
40
Let r be 83/9 - 132/594. What is the greatest common factor of r and 213?
3
Let r be (12624/27)/2 + (-12)/(-54). Suppose 240 = j + 3*k, 5*k = -2*j + 247 + r. What is the highest common factor of 27 and j?
27
Let l(p) = 7*p - 15. Let m(x) = 11*x - 22. Let y(h) = -8*l(h) + 5*m(h). Let i be y(-5). What is the highest common factor of i and 825?
15
Let s = -6 - -25. Suppose 14*a - s = 13*a. Suppose 4*h - 75 = -a. What is the greatest common factor of 42 and h?
14
Suppose -3*j - 2*f - 36 = 0, 0*j - 3*f - 29 = 2*j. Let g be (-240)/39 + 4/26. Let l be g/(-3)*(-75)/j. What is the highest common factor of 120 and l?
15
Suppose 0 = -37*s - 6*s + 21500. Suppose 40*w - 44*w + s = 0. What is the greatest common factor of w and 150?
25
Let f(w) = w**3 + w**2 - 1. Let v(y) = 3*y**3 - 4*y**2 + 2*y + 1. Let j(t) = 2*f(t) + v(t). Let z be j(2). What is the greatest common divisor of 245 and z?
35
Let q be 32 + (-5)/(5/(-4)). Let f = 30 - q. Let u be (f/(-5))/(-2)*-65. What is the greatest common divisor of 13 and u?
13
Let w(g) = -2*g**3 - 8*g**2 + 16*g - 20. Let j = -72 - -62. Let z be w(j). What is the highest common divisor of 85 and z?
85
Suppose 4 = 4*s - 2*s. Let g(p) = -3 + 163*p**2 + 2*p - 34*p**2 + 31*p**s - 5*p. Let b be g(-1). Calculate the greatest common divisor of 64 and b.
32
Let i(v) = 7*v - 167. Let s be i(25). Let d = -6 + 6. Suppose d = s*o - 3*o - 60. Calculate the highest common factor of 84 and o.
12
Let a = 5549 - 5547. Calculate the greatest common factor of 107 and a.
1
Let v = 4292 - 4236. Calculate the highest common divisor of 364 and v.
28
Let l = -1651 - -1656. Calculate the greatest common factor of 125 and l.
5
Let b be 17830/20 - 54/108. What is the greatest common divisor of 1188 and b?
297
Let z = -18 - 27. Let a be (0 + -1)/(z/21 - -2). Suppose 189 = a*m - 0*m. What is the greatest common factor of m and 27?
27
Let g = 2039 - 1112. Let f = -887 + g. Calculate the greatest common divisor of f and 760.
40
Let c(d) = d + 10. Let r = -45 - -47. Suppose a + 3 = l + r*a, 4*l + a - 21 = 0. Let m be c(l). Calculate the greatest common divisor of m and 40.
8
Let g be (-7)/(-14) + 9/6. Suppose 3*f + g*f + o - 78 = 0, 0 = o + 2. What is the greatest common factor of f and 136?
8
Suppose 21460 + 38840 = 292*i + 8*i. Calculate the greatest common divisor of i and 12462.
201
Let q(s) = -s**3 + 17*s**2 - 3*s - 165. Let i be q(16). Suppose 2*a + t - i - 113 = 0, 3*a + 5*t - 234 = 0. Calculate the highest common factor of a and 26.
26
Let l be 54 + 7/((-21)/(-6)). Suppose 0 = -4*v - 441 + 1449. What is the greatest common divisor of v and l?
28
Suppose 9 = 2*z - 21. Let r = 484 + -439. Calculate the greatest common divisor of z and r.
15
Let z = 108 + -123. Let t be (-60)/(-14)*(-4095)/z. What is the greatest common divisor of 30 and t?
30
Let w be 17343/21 - (5 - (-72)/(-14)). Suppose 9*n + 358 = w. What is the greatest common divisor of n and 13?
13
Let g = -476 + 520. Suppose -12*s + 3*s = -36. Calculate the highest common factor of g and s.
4
Let m(o) = 56*o - 687. Let t be m(13). Calculate the greatest common factor of 9389 and t.
41
Let d = -3491 - -4596. Calculate the highest common factor of d and 272.
17
Let x(m) = m - 16. Let h be x(14). Let b(o) = 4*o**2 + 5*o + 3. Let p be b(h). Let q(a) = 9*a. Let i be q(4). What is the greatest common divisor of p and i?
9
Suppose -1510 = 12*j - 286. Let q be (-1207)/j - (-4)/24. What is the highest common factor of q and 39?
3
Let t be (-6 + (-18)/15*-3)/((-1)/360). What is the greatest common factor of t and 54?
54
Let w be 45/(-9*(-13)/234). Calculate the greatest common divisor of 1665 and w.
45
Let g be (-1848)/(-102) + 4/(-34). Let z be (10 - (15 - 4))/(2/(-90)). Calculate the greatest common divisor of g and z.
9
Let l = -58 - -60. Suppose 0 = 2*c + 8, -30 = -10*x + 8*x + l*c. Suppose 8*d - 429 = 5*d. Calculate the highest common factor of d and x.
11
Suppose 5*h - 11658 = d, 2*h + 476*d = 475*d + 4652. Calculate the greatest common factor of 40 and h.
10
Let x = -5780 - -5858. Suppose 0 = a + 4*z - 19, 2 = -3*a + z + 7. Let m be (-1 - 9/(-3))*a. Calculate the greatest common divisor of m and x.
6
Let t = 2817 - 2717. Calculate the greatest common factor of 225 and t.
25
Let n(y) = -y**2 + 35*y + 635. Let j be n(-13). Calculate the greatest common factor of 274 and j.
1
Suppose 41*i = -13*i + 5326 - 250. What is the greatest common factor of 6063 and i?
47
Let u = -223 - -227. Suppose t + 84 = 3*t + u*s, 2*t - s = 84. What is the highest common divisor of t and 224?
14
Let q(k) = 126*k**2 - 159*k + 23. Let p be q(6). What is the highest common divisor of p and 309?
103
Let l be (495/1650 - 6/(-5))/((-2)/(-12)). What is the greatest common divisor of 2340 and l?
9
Suppose 2*j - 2*i + 329 - 799 = 0, i = 5. 